ative of -15*q**2/2 - q + 1153. Determine f(2).
-31
Suppose -40*j + 20 = -30*j. Let h(m) = -9*m**2 + 3 - 13*m**2 - j*m + 2 + 20*m**2 - 3. Calculate h(-3).
-10
Let x(y) be the third derivative of -y**5/30 - y**4/3 - 2*y**3/3 + 4*y**2 + 6. Calculate x(-5).
-14
Let a be ((-432)/14)/((-3)/21). Let x be a/180*-4*(-5)/(-6). Let s(d) = -d + 5. Calculate s(x).
9
Let h = 0 + -1. Let o(z) = -z**2 - 15*z - 46. Let m be o(-10). Let t be h/((12/9)/m) + 4. Let y(k) = -7*k**3 - k**2 + 2*k - 1. Calculate y(t).
-7
Let z(m) = 13 + 3*m - 398441*m**2 - m**3 + 398450*m**2 - 5*m. Let g be 38/4 - 1/2. Give z(g).
-5
Let m(k) be the third derivative of 7*k**6/120 + k**5/30 - k**4/12 + k**3/6 - 3*k**2 + 4. Let p(a) = 2*a**3 + a**2 - 4*a + 2. Let b be p(1). Determine m(b).
8
Let r = -17256 - -17233. Let g(v) = 17*v + 385. Calculate g(r).
-6
Let d(r) = -12*r**2 + 29*r - 8. Let x(s) = 9*s**2 - 29*s + 4. Let q(j) = -2*d(j) - 3*x(j). Determine q(10).
-6
Let x(z) be the first derivative of 4*z**3/3 + 4*z**2 + 11*z - 7644. Calculate x(-5).
71
Let i = 160 + -174. Let c(v) = 41*v + v**2 + 5 - 70*v + 43*v. Determine c(i).
5
Suppose -23*x + 2548 = 3*x. Suppose -8*n = 6*n - x. Let f(r) = -r**2 + 8*r - 6. Give f(n).
1
Let k(r) be the second derivative of -5*r**4/12 - 2*r**3/3 + r**2/2 - 36*r + 8. Give k(-4).
-63
Let w(k) = k - 37. Let y(c) = 3*c - 129. Let j(l) = -18*w(l) + 5*y(l). Let v(r) = 2*r**3 - 2*r**2 + 6*r - 13. Let a be v(2). What is j(a)?
0
Let m(y) = -4*y - 2*y + 3*y - 5. Suppose -62*d + 3389 - 3560 = -5*d. What is m(d)?
4
Suppose -12*u = k + 8, 172 = 4*u - 3*k + 188. Let y(t) = 7*t**3 - 3*t + 1. Let m(b) = -8*b**3 - b**2 + 3*b - 2. Let q(p) = -2*m(p) - 3*y(p). Calculate q(u).
5
Suppose 10 = -2*d, -3*q + d + 107 = -0*d. Let z = q - 31. Let j(i) = i**3 - 3*i**2 + 2*i - 4. Give j(z).
2
Let o(q) = -q + 9. Let u = -143 + 44. Let d = -92 - u. Give o(d).
2
Let f(j) = j - 2. Let b(m) = 31*m**2 - 7*m + 6. Let g(r) = -b(r) - f(r). Let l(o) = -45*o**2 + 9*o - 6. Let y(v) = 7*g(v) - 5*l(v). Determine y(1).
7
Let a(f) = -3 + 22 - 2 + 7*f. Let m be a(-3). Let l(x) = -x**2 + 7. Calculate l(m).
-9
Suppose 0 = -i - 2*t, 2*t = -i + 5*t + 10. Suppose 0 = 2*g - 0*m + 5*m - 11, -2*m = -3*g + 26. Let j(k) = 6*k - i + 5*k - g*k. Calculate j(4).
8
Let d(w) = w**2 - 12*w - 30. Let x be (-50)/475*-19*(9 + -2). Calculate d(x).
-2
Let s(t) = -t**3 - 9*t**2 - 5*t + 66. Let z be s(-7). Let v(f) = 48*f - 139. Determine v(z).
5
Let c(d) = -5*d + 59. Suppose -2*k - 428*m + 22 = -426*m, 5*k - 49 = -2*m. Calculate c(k).
14
Let r(n) be the second derivative of -1/2*n**2 + 1/3*n**3 - 137*n + 0 + 11/12*n**4. Calculate r(1).
12
Let w be (16/(-24))/((-4)/(-66)). Let f = -7 - w. Let k(m) = 3*m**2 - 2*m**2 - m**2 - 2*m**2 - 1139*m - 1 + 2275*m - 1130*m. Calculate k(f).
-9
Let m(y) = 2*y + 1. Suppose 0 = -21*h - 341 + 1349. Let s = 42 - h. Determine m(s).
-11
Let b(s) = -2*s**2 - 9*s + 24. Let u(q) = q**3 + 10*q**2 + 19*q - 37. Let h be u(-6). Give b(h).
-11
Suppose -24 = -o - 2*o. Suppose -o*m - 6 = 2. Let n(p) = 1 - 2 + 0 + p. Calculate n(m).
-2
Let d(o) = -9*o - 3. Let l(b) = 6*b + 1. Let r(g) = 3*d(g) + 5*l(g). Let n(x) = -x + 2. Let w(i) = -4*n(i) - r(i). What is w(7)?
3
Let u be (1/(-2)*-2)/1. Let i be (2 + 4/(-3))*3/u. Let t(v) = -v**2 + 0*v**2 + 5*v**i + 7*v - 3 + 13*v**3 - 14*v**3. Calculate t(5).
7
Suppose 4*y - 822 = -3*p + 60, p - 294 = -2*y. Let d(h) = 287 - 584 - 5*h + p. Give d(-2).
7
Let q(x) = x**3 + 4*x**2 - 7. Let b be q(-3). Let z(n) = -155 - 19*n**2 + 20*n**b - 7*n + 154. What is z(4)?
-13
Let d(m) = -m**3 + 7*m**2 + 16*m + 2. Let c be d(9). Let y(s) = s**3 + 17*s**2 + 19*s. What is y(c)?
-48
Let w be (80/(-15))/4*(-36)/24. Let c(o) be the first derivative of -3*o - 13 + 3/2*o**w. Determine c(3).
6
Let z(u) = 8*u**2 - 20*u**2 - 5*u**2 + 0*u**2 + 6 + 7*u**2. Calculate z(-2).
-34
Let f = 32 + 20. Suppose -4*q - r + 86 = 0, -2*q - 6*r + f = -r. Let v(t) = 2 + 11*t + 5*t - q*t - t**2 + 6*t. What is v(4)?
-10
Let v be (-5)/(-5) + -1 + 7. Let y(m) = 0*m**3 + 7 - 17*m**3 + 6*m**2 + 16*m**3 + 7*m. Calculate y(v).
7
Let v(x) = 5*x + 29. Let z(l) = -l**3 - 2*l**2 + 22*l + 51. Let w be z(-4). Give v(w).
4
Let m(p) be the third derivative of p**4/24 + 8*p**3 + 3*p**2 + 539*p - 1. Give m(-7).
41
Suppose 2*m - 351 = -i - 348, -3*i - 4*m - 3 = 0. Let l(q) = -13*q - 114. What is l(i)?
3
Let v(b) = -2*b**3 + b**2 - 2. Suppose -11*n + 16 = -2*h - 13*n, 3*n - 1 = 2*h. Let c(y) = y**3 + 6*y**2 - 4*y - 43. Let o be c(h). Calculate v(o).
-14
Let t(f) = f**3 - 4*f**2 + 3*f. Let c be (112/168)/((-1)/(-3)). Suppose c*x = 3*g + 16, -x - 11 = 4*g + 3. Give t(x).
-2
Let q(j) = -218*j + 14. Let r(u) = 22*u. Let o(s) = 2*q(s) + 20*r(s). Give o(0).
28
Let d(l) = 1. Let t(x) = x - 6. Let m(s) = -3*d(s) - t(s). Suppose -11*y + 63 = 3 + 27. Give m(y).
0
Let p(c) be the first derivative of -c**4/4 - 32*c**3/3 + 16*c**2 - 40*c - 1396. Give p(-33).
-7
Let j(p) = -2*p - 20. Let l(m) = 4*m**2 + 163*m + 800. Let q be l(-35). Calculate j(q).
-10
Let r(g) = 8*g**3 - 2*g**2 - g. Let q = 127 - 120. Let j be (30/35)/(-6)*q. Give r(j).
-9
Let c(p) = -p**2 + 2*p - 2. Let q be c(5). Let a be -18*2*15/(-27). Let w = a + q. Let l(h) = -h**2 + 3*h + 3. Calculate l(w).
3
Let m(f) = -3*f**2 - 17*f + 12. Let n(q) = -4*q**2 - 25*q + 18. Let a(p) = -7*m(p) + 5*n(p). Let t be -20*((-46)/(-8) + -6). Determine a(t).
1
Let a = 14 + -6. Let q(i) = 8*i + 18. Let m(b) = 13*b + 28. Let o(z) = a*q(z) - 5*m(z). Calculate o(8).
-4
Let d(l) = 2*l**2 - 12*l - 17. Suppose -12*s + 11*s = 2*x - 12, -5*x + 25 = 5*s. What is d(x)?
-3
Suppose 0*v + 2*r = 4*v, -3*v + 26 = 5*r. Let s(l) = 27 - 3*l**v - l**2 + 3*l**2 - 7*l - 17. Suppose -8*i - 28 - 28 = 0. Determine s(i).
10
Let s(d) = 16*d**3 - 120*d**2 - 11*d - 28. Let i(o) = 3*o**3 - 24*o**2 - 2*o - 5. Let y(f) = -11*i(f) + 2*s(f). What is y(24)?
-1
Let c be 4/(-6) + (-296)/(-12). Suppose -33 = -f - c. Let w(r) = -10 + r + f - 7*r. Determine w(-1).
5
Let j be 4 + -1 - (4 + 0). Let c be (j - (-1 + 1)) + 64. Suppose 15*b = 6*b + c. Let w(m) = m**3 - 8*m**2 + 6*m + 8. Determine w(b).
1
Suppose -9*i + 48 = -i. Let a(d) = 84*d + 91*d + d**2 - i - 182*d. Calculate a(7).
-6
Let n(s) = 3*s**2 - 24*s - 5. Let y(r) = -5*r**2 + 44*r + 11. Let d(l) = -7*n(l) - 4*y(l). Give d(-3).
6
Let a = 18065 - 18065. Let x(v) = -2*v**3 + v + 8. What is x(a)?
8
Let i be 176/(-15 + 7) + 18. Let b(w) = -3*w**2 - 21*w - 21. Give b(i).
15
Let u be 135/75 - (12/(-2))/30. Let c(b) = -17*b**2 + 3*b - 1. What is c(u)?
-63
Let j(u) = -9*u - 3497 + 6969 - 3578. Determine j(-13).
11
Let c(m) = -52*m**2 - 9*m + 1. Let v(r) = 66*r**2 + 10*r - 2. Let g(b) = -5*c(b) - 4*v(b). Calculate g(-1).
-6
Let q(y) = -52 - 594*y + 1163*y - 29 + y**2 - 585*y. What is q(-4)?
-1
Let b(f) = f**2 + f + 1 + 2*f - f. Let u(d) = d**3 - 40*d**2 - 78*d - 249. Let c be u(42). Determine b(c).
16
Let p be 1/(1/(-1 + -1)). Suppose -4 + 4 = -9*q. Let j(g) = q*g - 4*g - 2 + 5*g + g. Calculate j(p).
-6
Let o(c) = 15*c**2 + 48*c - 71. Let p(q) = q**2 + 3*q. Let s(g) = o(g) - 14*p(g). What is s(6)?
1
Let b = 45 - 40. Let n(d) = -7*d + 11*d - 5*d**2 + 4*d**2 - 7. Calculate n(b).
-12
Let j(a) be the first derivative of a**6/120 - 13*a**5/60 - 5*a**4/8 - a**3/6 - 149*a**2 - 151. Let c(z) be the second derivative of j(z). What is c(14)?
-15
Suppose 4*w + 660 = w + 47*w. Let a(f) = 2*f**2 - 31*f + 4. Determine a(w).
-11
Let h(m) = m**2 + m - 32. Let q(w) = 7*w**2 - 214*w + 214. Let g be q(1). What is h(g)?
24
Let b(w) = -4*w + 1. Let t = -86 + 84. Let p be (-12)/9*((-21)/(-6) + t). Give b(p).
9
Let x(f) = 2*f - 4. Suppose 56*g = -116 - 164. Determine x(g).
-14
Let d(l) be the third derivative of -l**6/360 - 7*l**5/20 + 25*l**4/24 + 37*l**2. Let g(q) be the second derivative of d(q). Determine g(-21).
0
Let d(q) = -q**2 - 10*q - 7. Let x = -118 + 210. Suppose -x = -5*a - z, 3*z = -z - 12. Suppose -178 + 26 = a*f. Determine d(f).
9
Let n(y) = 162*y - 10*y**2 - 147*y + 6 - 3. Give n(2).
-7
Let g(s) = 118*s**2 + 6*s - 2. Let y(v) = 71*v**2 + 3*v - 2. Let j(o) = -3*g(o) + 5*y(o). Suppose 3*k = 5*w - 26, 3*k + 3*w = -2*w + 14. Give j(k).
6
Suppose -12*o = 3*b - 14*o - 42, 2*o = -b + 22. Let l(i) = i**2 - 19*i + 48. Determine l(b).
0
Suppose 2*w + 0 = 4*m + 24, -m - 27 = -4*w. Let t(b) = -3*